common factor of 1372 and 11851?
7
What is the greatest common divisor of 1974 and 1985186?
658
What is the highest common divisor of 9 and 1315917?
9
What is the highest common factor of 2300 and 989?
23
Calculate the highest common divisor of 1182 and 44128.
394
Calculate the greatest common factor of 5572 and 183478.
398
Calculate the highest common factor of 63 and 15120.
63
Calculate the greatest common divisor of 61119 and 9.
9
Calculate the highest common divisor of 3504 and 314046.
438
What is the greatest common divisor of 4826 and 2242?
38
Calculate the highest common divisor of 69 and 78108.
69
Calculate the greatest common factor of 20 and 15216.
4
Calculate the greatest common factor of 234312 and 468.
156
Calculate the greatest common factor of 2430 and 2880.
90
Calculate the highest common divisor of 18950 and 12150.
50
Calculate the greatest common divisor of 897 and 1491113.
299
Calculate the greatest common factor of 147393 and 53.
53
What is the highest common factor of 2412 and 144?
36
Calculate the highest common factor of 565836 and 28.
4
What is the greatest common divisor of 12 and 128404?
4
Calculate the greatest common factor of 11 and 2150027.
11
What is the highest common factor of 959 and 3149356?
959
Calculate the highest common factor of 145460 and 100.
20
Calculate the greatest common factor of 23529 and 165.
33
Calculate the highest common factor of 32943 and 21330.
237
What is the greatest common divisor of 58 and 437146?
58
Calculate the greatest common divisor of 53009 and 22.
11
What is the greatest common divisor of 20746 and 46?
46
Calculate the greatest common factor of 808 and 104.
8
Calculate the greatest common divisor of 7300 and 5110.
730
What is the greatest common divisor of 25540 and 80?
20
Calculate the greatest common factor of 11258 and 26.
26
Calculate the highest common factor of 231 and 144617.
11
Calculate the highest common factor of 6020 and 296485.
1505
Calculate the greatest common factor of 2168695 and 41.
41
What is the greatest common divisor of 428 and 45154?
214
Calculate the highest common factor of 502 and 4373926.
502
What is the greatest common divisor of 760 and 3018150?
190
Calculate the greatest common divisor of 442 and 177905.
221
Calculate the highest common factor of 21672 and 105.
21
Calculate the highest common factor of 1524 and 214122.
762
What is the highest common divisor of 21012 and 6018?
102
What is the greatest common factor of 1035 and 13607145?
1035
Calculate the highest common factor of 9503 and 55029.
221
Calculate the highest common factor of 189161 and 854.
427
What is the highest common factor of 49882 and 1?
1
Calculate the greatest common divisor of 869561 and 385.
77
Calculate the greatest common factor of 1500 and 3090.
30
What is the highest common divisor of 161 and 10603?
23
Calculate the greatest common divisor of 45711 and 81.
27
What is the highest common factor of 1636 and 38?
2
What is the greatest common factor of 9 and 14682?
3
Calculate the highest common factor of 78118 and 7587.
281
What is the greatest common divisor of 1026442 and 1592?
398
Calculate the highest common divisor of 357 and 399.
21
What is the highest common factor of 81346 and 534?
178
Calculate the highest common divisor of 1150795 and 470.
235
What is the highest common factor of 248 and 171656?
8
Calculate the greatest common divisor of 2950 and 330.
10
What is the highest common factor of 7488 and 2392?
104
Calculate the greatest common factor of 7153 and 622.
311
Calculate the highest common divisor of 310 and 3170.
10
Calculate the highest common factor of 1188 and 55164.
12
What is the highest common divisor of 13 and 3581?
1
Calculate the greatest common divisor of 25038 and 84474.
234
What is the highest common divisor of 275170 and 60?
10
What is the greatest common divisor of 34720 and 1960?
280
Calculate the highest common factor of 6204 and 363.
33
Calculate the greatest common factor of 630692 and 174.
58
Calculate the highest common divisor of 22 and 1215104.
22
What is the greatest common divisor of 33 and 30384?
3
What is the highest common divisor of 20702 and 44?
22
Calculate the highest common factor of 3768 and 9708.
12
Calculate the greatest common factor of 93 and 33015.
93
What is the highest common divisor of 3465 and 359667?
693
What is the highest common factor of 8 and 54248?
8
Calculate the greatest common divisor of 5808 and 114.
6
What is the highest common divisor of 473 and 11671?
11
Calculate the highest common divisor of 2516 and 129056.
148
Calculate the highest common factor of 37 and 76997.
37
Calculate the highest common factor of 30 and 21830.
10
What is the highest common divisor of 22 and 2683186?
22
What is the greatest common factor of 2134044 and 396?
396
What is the greatest common factor of 3123831 and 109?
109
Calculate the highest common divisor of 4448192 and 896.
448
Calculate the highest common factor of 2865 and 78501.
573
Calculate the greatest common factor of 842445 and 582.
291
What is the highest common divisor of 137216 and 1809?
67
What is the highest common divisor of 64 and 928?
32
Calculate the greatest common factor of 31 and 283681.
31
Calculate the greatest common divisor of 466 and 751192.
466
Calculate the highest common divisor of 178499 and 309.
103
What is the highest common factor of 748 and 8096?
44
What is the greatest common divisor of 36686 and 83?
83
Calculate the greatest common factor of 13 and 2484599.
13
What is the highest common divisor of 63 and 10701?
9
What is the greatest common divisor of 279 and 3290557?
31
Calculate the highest common divisor of 839835 and 60.
15
Calculate the highest common factor of 219 and 33872.
73
What is the highest common divisor of 1150 and 25550?
50
What is the highest common factor of 9072 and 448?
112
Calculate the greatest common factor of 3146 and 20579.
13
Calculate the highest common factor of 65461 and 110.
11
What is the highest common divisor of 4004 and 15418?
26
What is the highest common factor of 64 and 2509408?
32
What is the highest common divisor of 13383 and 614131?
1487
Calculate the greatest common divisor of 437 and 29762.
23
What is the greatest common factor of 729 and 2760?
3
Calculate the greatest common divisor of 399 and 17461.
19
Calculate the highest common factor of 108 and 70764.
12
Calculate the highest common divisor of 15611570 and 130.
130
What is the highest common divisor of 17794 and 3906?
434
What is the greatest common factor of 15602 and 290?
58
Calculate the greatest common divisor of 59873 and 55.
11
What is the greatest common factor of 11510 and 115?
5
Calculate the highest common factor of 229749 and 516.
129
Calculate the greatest common factor of 12627 and 45079.
61
Calculate the highest common divisor of 6063 and 4089.
141
Calculate the highest common factor of 4773 and 24309.
111
What is the highest common factor of 33 and 254782?
11
Calculate the highest common divisor of 6700 and 430.
10
What is the greatest common divisor of 39600 and 325908?
396
Calculate the highest common divisor of 22 and 3750.
2
What is the highest common divisor of 7268 and 276?
92
Calculate the greatest common factor of 195 and 1484275.
65
What is the highest common divisor of 38949 and 6?
3
Calculate the greatest common factor of 1023 and 101649.
93
What is the greatest common divisor of 26 and 17979?
13
What is the highest common divisor of 19 and 2242228?
19
Calculate the greatest common factor of 194100 and 5700.
300
Calculate the greatest common divisor of 116883 and 486.
243
Calculate the highest common factor of 70498 and 606.
202
What is the greatest common divisor of 958 and 294106?
958
Calculate the highest common factor of 6650 and 10374.
266
Calculate the highest common factor of 6 and 573.
3
Calculate the highest common factor of 814 and 218.
2
Calculate the greatest common factor of 522209 and 636.
53
Calculate the greatest common factor of 47 and 5055508.
47
What is the highest common factor of 239895 and 45?
45
Calculate the greatest common divisor of 7046865 and 135.
135
What is the greatest common factor of 15529 and 742?
53
What is the highest common factor of 561 and 136?
17
What is the highest common facto